 Give u(i).
-8
Let s(k) be the second derivative of -k**4/12 + 7*k**3/6 + k**2 + 27*k. What is s(6)?
8
Let p(g) be the first derivative of -g**4/4 + 4*g**3/3 - 2*g**2 + 5*g - 6. Let y be p(3). Let a(j) = 2*j**3 - 3*j**2 + 3*j - 1. Calculate a(y).
9
Let d(w) = -2*w**2 + 2*w + 3*w**2 + 10 - w. Let p(m) be the first derivative of -m**2/2 + 2*m + 4. Let i be p(2). Determine d(i).
10
Suppose -56 = -4*h - 4*n, -5*h = 2*n - 61 - 0. Suppose -h - 9 = -5*y. Let v(l) = 2. Let z(g) = -g + 4. Let c(s) = 5*v(s) - 2*z(s). Give c(y).
10
Let v(j) be the second derivative of -j**5/20 + 3*j**4/4 - 5*j**3/3 + 5*j**2/2 + 6*j. Calculate v(8).
-11
Let f(k) = k**3 - 2*k**2 + 2*k - 3. Let y(n) = 2*n + 3. Suppose 4 = -5*u - 6. Let s be y(u). Let j be (-1 - 3)/(-1 + s). Give f(j).
1
Let y(g) = -g**3 + g - 2. Let q be (2/5)/(9/45). Calculate y(q).
-8
Let c(h) = -5*h**3 + 3*h**2 + 3*h - 2. Let o(k) = 4*k**3 - 3*k**2 - 3*k + 1. Let m(l) = 3*c(l) + 4*o(l). Calculate m(-2).
-16
Let a(n) = 2 - 2 + n**2 - 1 + n**3. Let o(g) = -5*g - 38. Let r be o(-8). Determine a(r).
11
Suppose 5*z - 4*c + 0*c = 6, 4*c = 4. Suppose 0 = 2*b + 3*b + 25, z*r + 5*b = -23. Let t(p) = 5*p**3 - p**2 + p - 1. Determine t(r).
4
Let k(z) = -11 - z + 24 - 4 - 8. Suppose 9*j - 4*j = -10. Let i be 3/j + (-2)/(-4). What is k(i)?
2
Let f(a) = -4*a - 1. Let b be f(-1). Let v(t) = -t**3 + 4*t**2 - 4*t + 1. What is v(b)?
-2
Let n(b) = -2*b**3 + 2*b**2 + 2*b - 1. Let y = 9 + -3. Suppose k - y*k = -10. Calculate n(k).
-5
Let p(f) be the third derivative of f**5/60 + f**3 + 3*f**2. Give p(0).
6
Let y(c) = c**2 - 10*c - 3. Let t(i) = -i - 1. Let m(d) = -4*t(d) + y(d). What is m(3)?
-8
Let c(w) = 8*w**3 - 2*w - 1. Let k be (-18)/5 + (-8)/20. Let y be (-2)/(-4) + 6/k. Determine c(y).
-7
Let a(f) be the first derivative of f**3 - f + 7. Determine a(-1).
2
Let x(o) be the first derivative of -1/20*o**5 + 0*o + 1/24*o**4 + 1/6*o**3 + 1 - 1/2*o**2. Let p(z) be the second derivative of x(z). Give p(2).
-9
Suppose -22 = -2*d - 5*v, 3*d + 2*v + 8 = 30. Let g(y) = 3*y - 7. Give g(d).
11
Suppose 3*i + 8 = 2. Let b be 3*10*3/18. Let m(w) = b*w - 2*w + w - 2. What is m(i)?
-10
Let s(q) be the third derivative of q**5/60 - q**4/3 + q**3 - 2*q**2. Determine s(4).
-10
Let t(m) = -m + 3. Let l(z) = 2*z - 4. Let q(v) = -3*l(v) - 4*t(v). Calculate q(1).
-2
Let y(b) be the third derivative of b**6/120 - 7*b**5/60 + b**4/3 - 2*b**3/3 - 2*b**2 - 4. Give y(6).
8
Suppose 4*o = -o + 15. Let c(q) be the second derivative of q**5/20 - q**4/4 - q**2 - 5*q. Determine c(o).
-2
Let a(x) = 4*x**3 + 11*x**2 + 9*x - 5. Let g(t) = 9*t**3 + 23*t**2 + 18*t - 10. Let w(f) = 7*a(f) - 3*g(f). Give w(-7).
-19
Let l(z) be the third derivative of 1/24*z**4 - 1/3*z**3 + 0 + 2*z**2 + 0*z. Calculate l(5).
3
Let f(q) = 1 - 1 - 4 + 6*q**2 - 2*q + q**3 - 2. What is f(-6)?
6
Let l = -17 + 20. Let i(h) = -2*h - 2 + 4 - l - 6. Give i(-5).
3
Let f(a) = -a + 3. Let h be f(3). Let o be (1 - h)*(3 - 2). Let u(v) = -3*v**2 - v + 1. Determine u(o).
-3
Let f(q) be the third derivative of -q**4/24 - 5*q**3/6 - q**2. Let n = 15 + -15. Give f(n).
-5
Suppose 2*p - 6 = 4. Suppose 4*l + 10 = 3*l + 5*i, -p*l - i + 2 = 0. Let a(d) = d**3 - d**2 + d - 6. Give a(l).
-6
Let r = -18 + 20. Let n(v) = -7 - v**r + 1 + 0 - 5*v - v. Calculate n(-4).
2
Let d(h) = -4*h - 4. Let i be d(7). Let a = i + 5. Let m be 4/18 - (-6)/a. Let r(q) = -q**3 + q**2 - 7. Give r(m).
-7
Let o = 8 - -1. Let s(m) = 2*m + o*m - 4*m. Let a = -4 - -3. What is s(a)?
-7
Let o be -4 - (1 + 4/(-1)). Let a(x) = 5*x. Calculate a(o).
-5
Suppose 0 = 2*p - 0*p - 8. Let x(m) be the second derivative of 0 + 1/12*m**4 - 3*m - 2*m**2 - 1/6*m**3. Give x(p).
8
Let y(r) = -5*r - 7. Let i(c) = -9*c - 13. Let s(d) = -6*i(d) + 11*y(d). Determine s(-2).
3
Let t = 3 - 7. Suppose 4*z + 12 = 7*z. Let m(p) = p**3 + z + 3*p**2 - 2*p**2 + 0*p + 3*p + 4*p**2. What is m(t)?
8
Let k = 6 + -5. Let n be (k/(-1) - -2)*-1. Let c(z) = -3*z. What is c(n)?
3
Let d(o) = -o**2 + 4*o + 6. Suppose -5*y = -4*y - 3. Suppose -2*a = -s + 5, 0*s + 15 = 3*s - y*a. Calculate d(s).
1
Let f(u) = -u**3 - 9*u**2 - 7*u + 3. Suppose -16 = -11*k + 13*k. Determine f(k).
-5
Let t(c) = -c + 1. Let o(g) = 6*g - 5. Let d(p) = o(p) + 5*t(p). Determine d(7).
7
Let p(a) = -1. Let f(t) = t - 9. Let q(j) = -4*f(j) + 36*p(j). Give q(1).
-4
Let z(d) = d**2 - d**3 - 2*d - 3 + 0*d**2 - 2*d**2 + 0*d**3. Give z(-2).
5
Let u(t) = 2 + 5 + 1 - 2 + t. Suppose 3*j = -6, 4*i + 23 = i - 4*j. Calculate u(i).
1
Let w(z) = -4*z + 7. Let j(i) = 7*i - 13. Let m(v) = 3*j(v) + 5*w(v). Determine m(5).
1
Let q(g) = 12*g**3 + 1. Let d = 76 - 77. What is q(d)?
-11
Suppose -93*h + 90*h = -21. Let w(n) = 4*n**2 - n**3 + 8*n - 2*n**2 - 7 + 4*n**2. Calculate w(h).
0
Let i(y) be the third derivative of y**5/60 - y**4/8 - y**3/2 + 5*y**2. Suppose -8 = -5*u + 17. Determine i(u).
7
Let f(t) = -2*t**2 - 2*t + 1. Let u be f(-2). Let w(b) be the second derivative of 0 - 1/6*b**3 - 1/2*b**2 - 3*b. Calculate w(u).
2
Let o(b) = -5*b + 1. Let m(y) = -3*y - 5. Let d(j) = -3*j - 4. Let k(g) = -6*d(g) + 5*m(g). Let l(h) = -8*k(h) - 5*o(h). Calculate l(0).
3
Let f(m) = -3*m**2 + 2*m**2 + m**2 - m**2 - 2. Suppose 0 = x + 3*x. Determine f(x).
-2
Let l(v) = -3*v**2 - 4*v - 2. Let n be l(-2). Let b(y) = -4*y - 27. Let h(t) = -10*t - 66. Let u(q) = -12*b(q) + 5*h(q). Calculate u(n).
6
Let d(v) = 2*v - 7. Let y(j) = -5*j + 20. Let c(h) = -17*d(h) - 6*y(h). Let w(s) = -s**2 + 5*s - 1. Let f be w(5). Let i = f - -2. Determine c(i).
-5
Let q(b) = b**3 - b - 1. Let s be q(-1). Let u = -1 - s. Suppose u = -5*g - 17 - 8. Let j(r) = -2*r - 5. Give j(g).
5
Let z = 0 + -1. Let u = 3 + z. Let g(q) = -2*q + 0*q**2 + 5*q - 3 - 2*q**u. Determine g(2).
-5
Let s(f) be the third derivative of -f**4/24 + f**3/2 - f**2. Let g(o) = o**2 - o - 8. Let p be g(4). What is s(p)?
-1
Let u = -2 + 5. Suppose u*x + x = 0. Let c(o) = o + 3. Give c(x).
3
Suppose -5*l = -10*l + 10. Let y(t) = -2*t + 3. Give y(l).
-1
Let f(m) = -9 - 4*m**2 + m**3 - 18 + 22 - 6*m. Calculate f(5).
-10
Let m(v) = -v**2 - 8*v - 2. Suppose 10*o = 5*o - 35. Let n be m(o). Let q(l) = 1 + 3 + l - n. Calculate q(-1).
-2
Let t(k) = -k**3 + 3*k**2 + 7*k - 2. Let q(a) = -4*a**3 + 11*a**2 + 29*a - 9. Let g(m) = -2*q(m) + 9*t(m). Calculate g(6).
-6
Let r(u) be the second derivative of u**5/20 + u**2/2 + u. Let w(c) = c**3 - c**2 + 3*c + 3. Let b(f) = 2*r(f) - w(f). Give b(-2).
1
Let m = -24 - -41. Let u = -12 + m. Let k(j) = 1 + u*j**2 - j - 2*j + 5*j. Determine k(-1).
4
Let p(v) be the first derivative of 2 + 0*v**2 - v + 1/3*v**3. Let a = -19 + 21. Give p(a).
3
Let a(l) = l - 4. Let f(u) = 3*u + 0*u - 20 + 3*u. Let m(k) = -16*a(k) + 3*f(k). Suppose -2*p - 13 = 5*w, 0*p - 4*p = -w + 15. Determine m(p).
-4
Let i(o) be the first derivative of 5/2*o**2 - 1/3*o**3 + 7*o + 5. Suppose b = -2*z + 9, 4*z = -0*b - 4*b + 16. Calculate i(z).
7
Let c be 18/4*2/3. Let v(a) = 1 - 2 + 2*a**c - 2*a + 0. Let k(o) = -o. Let x be k(1). Determine v(x).
-1
Let p(h) = -h**3 - h**2 + 3*h + 1. Let k(o) = -2*o**3 - o**2 + 4*o + 1. Let t(j) = 2*k(j) - 3*p(j). Calculate t(0).
-1
Suppose -17 = 5*x - 7. Let n(v) = -v - 1. Determine n(x).
1
Suppose -3*y + b - 5*b + 10 = 0, -4*y + 3 = -5*b. Let f(r) be the first derivative of r**4/4 - r**3/3 + 2*r**2 - 3*r + 2. Calculate f(y).
9
Let v(z) = z + 3. Let m be ((-6)/7)/(3 + (-40)/14). Determine v(m).
-3
Let p(i) = -3*i + 3. Let c(g) = -g + 10. Let b be c(7). Give p(b).
-6
Let g = 10 + -5. Let z(w) = g*w - 3*w + w**3 + 3*w**2 + w**2. Let i be 6/(-4)*(-24)/(-9). Calculate z(i).
-8
Let j(m) = m**3 - 8*m**2 + 5*m + 10. Let o be 122/18 + (-2)/(-9). What is j(o)?
-4
Let q = 2 - 0. Let t(b) = -9*b + 3. Let p(s) = -4*s + 2. Let l(o) = q*t(o) - 5*p(o). What is l(4)?
4
Let f(b) = b**3 - 7*b**2 - 1. Let w be -3*10/(-3) + -3. Determine f(w).
-1
Let n(h) = -h**2 + 12*h + 31. Let a be n(14). Let v(s) = -2*s - 4. Give v(a).
-10
Let j(t) be the first derivative of -4*t**3 - t**2 + t + 13. Determine j(1).
-13
Let v(x) = 0 + 7*x**2 + 0 - 2*x**2 + 1. Let w be 9/2 + (-6)/4. Let h = w - 4. Calculate v(h).
6
Let r be (-20)/6 + 4/(-6). Let u be 3/6 + 18/r. Let i(w) be the second derivative of w**3/6 - w**2/2 + w. Determine i(u).
-5
Let d(v) = 16 - 7 - 8 - 4*v - 3*v. Give d(1).
-6
Let q(c